45
What is -c (base 15) in base 16?
-c
What is 3 (base 14) in base 8?
3
-512 (base 6) to base 7
-356
What is -2 (base 6) in base 5?
-2
What is 10 (base 5) in base 9?
5
-5 (base 12) to base 2
-101
What is 313 (base 4) in base 8?
67
-54 (base 8) to base 9
-48
Convert -81 (base 16) to base 3.
-11210
What is -11001 (base 2) in base 13?
-1c
Convert -20 (base 6) to base 2.
-1100
-2 (base 5) to base 10
-2
Convert -3 (base 4) to base 9.
-3
Convert 3 (base 8) to base 9.
3
0 (base 14) to base 12
0
Convert -5 (base 12) to base 10.
-5
-11010110 (base 2) to base 11
-185
Convert -5 (base 12) to base 4.
-11
Convert -3 (base 13) to base 15.
-3
Convert -201 (base 6) to base 5.
-243
Convert 3 (base 10) to base 13.
3
Convert 3 (base 11) to base 4.
3
Convert 2 (base 10) to base 14.
2
-1 (base 2) to base 15
-1
Convert -14 (base 5) to base 3.
-100
-57 (base 11) to base 3
-2022
Convert 55 (base 8) to base 6.
113
-14b (base 13) to base 12
-174
What is 5 (base 15) in base 2?
101
What is -3 (base 15) in base 9?
-3
What is -142 (base 16) in base 11?
-273
What is 17 (base 11) in base 10?
18
What is 3 (base 5) in base 14?
3
57 (base 12) to base 11
61
What is -1a (base 12) in base 13?
-19
3 (base 5) to base 8
3
What is 202 (base 3) in base 9?
22
Convert -e (base 16) to base 7.
-20
What is 6 (base 11) in base 16?
6
-4 (base 10) to base 8
-4
Convert 1 (base 6) to base 13.
1
5 (base 14) to base 4
11
Convert 76 (base 14) to base 8.
150
-d (base 16) to base 11
-12
Convert 8 (base 10) to base 13.
8
What is -9 (base 10) in base 4?
-21
Convert 0 (base 14) to base 3.
0
Convert -11 (base 2) to base 3.
-10
What is 14 (base 13) in base 16?
11
-1 (base 14) to base 8
-1
What is 165 (base 15) in base 11?
271
-27 (base 12) to base 13
-25
113 (base 5) to base 4
201
Convert 10 (base 9) to base 13.
9
What is -100111 (base 2) in base 10?
-39
What is 120 (base 3) in base 4?
33
What is 6 (base 11) in base 10?
6
1222 (base 3) to base 11
49
What is d (base 15) in base 11?
12
11 (base 14) to base 6
23
What is -11001 (base 2) in base 4?
-121
What is b (base 15) in base 11?
10
2 (base 7) to base 16
2
Convert -1 (base 11) to base 10.
-1
1 (base 10) to base 6
1
10 (base 12) to base 15
c
What is -1 (base 5) in base 2?
-1
52 (base 12) to base 2
111110
What is -67 (base 10) in base 7?
-124
0 (base 9) to base 2
0
What is 1010 (base 5) in base 11?
109
Convert -43 (base 13) to base 11.
-50
Convert 122 (base 3) to base 5.
32
Convert -16 (base 13) to base 12.
-17
Convert 127 (base 9) to base 5.
411
What is 4 (base 14) in base 15?
4
-1 (base 14) to base 7
-1
-1 (base 2) to base 6
-1
3 (base 12) to base 6
3
Convert 10 (base 7) to base 9.
7
What is 2 (base 4) in base 9?
2
What is 3 (base 8) in base 7?
3
-14 (base 7) to base 8
-13
9 (base 11) to base 4
21
Convert 1b (base 12) to base 10.
23
What is 119 (base 12) in base 16?
a5
Convert 3 (base 12) to base 5.
3
Convert -23 (base 5) to base 14.
-d
9 (base 11) to base 6
13
What is 4 (base 13) in base 5?
4
42 (base 14) to base 12
4a
What is 8 (base 9) in base 3?
22
Convert 1 (base 4) to base 12.
1
-41 (base 16) to base 8
-101
What is -5 (base 11) in base 2?
-101
Convert 1300 (base 4) to base 13.
88
Convert -35 (base 6) to base 5.
-43
Convert -330 (base 4) to base 12.
-50
-1 (base 12) to base 14
-1
What is 24 (base 7) in base 12?
16
Convert 1 (base 5) to base 11.
1
What is 13 (base 4) in base 12?
7
Convert 3 (base 6) to base 15.
3
Convert 0 (base 16) to base 3.
0
0 (base 5) to base 9
0
What is -30 (base 7) in base 16?
-15
13 (base 7) to base 12
a
-3 (base 4) to base 15
-3
What is -138 (base 10) in base 14?
-9c
What is 0 (base 4) in base 2?
0
-3 (base 13) to base 8
-3
What is 60 (base 13) in base 5?
303
Convert -231 (base 9) to base 4.
-2332
Convert 1051 (base 7) to base 11.
315
Convert 110121 (base 3) to base 6.
1324
Convert -5 (base 14) to base 2.
-101
What is -2 (base 6) in base 9?
-2
-136 (base 7) to base 14
-56
a (base 14) to base 11
a
4 (base 14) to base 5
4
3 (base 15) to base 9
3
Convert 45 (base 8) to base 2.
100101
1 (base 5) to base 2
1
-34 (base 6) to base 15
-17
What is -a (base 12) in base 2?
-1010
What is -3 (base 7) in base 13?
-3
Convert -5 (base 6) to base 10.
-5
52 (base 9) to base 2
101111
What is 210 (base 8) in base 7?
253
Convert -e (base 16) to base 11.
-13
What is -2 (base 14) in base 10?
-2
Convert -3 (base 7) to base 2.
-11
Convert -3 (base 5) to base 15.
-3
What is -10011111 (base 2) in base 6?
-423
Convert 8 (base 13) to base 12.
8
What is -1 (base 5) in base 7?
-1
-1121 (base 5) to base 16
-a1
-109 (base 14) to base 9
-247
-2 (base 4) to base 11
-2
Convert 2 (base 11) to base 13.
2
Convert 233 (base 4) to base 8.
57
Convert -95 (base 10) to base 4.
-1133
Convert -111 (base 6) to base 4.
-223
-2 (base 3) to base 10
-2
Convert 80 (base 16) to base 13.
9b
Convert 42 (base 6) to base 15.
1b
-21 (base 13) to base 14
-1d
What is 2 (base 4) in base 5?
2
Convert 3 (base 5) to base 8.
3
-8 (base 15) to base 9
-8
12 (base 10) to base 7
15
Convert 102 (base 5) to base 11.
25
Convert 63 (base 10) to base 13.
4b
What is 2e (base 15) in base 2?
101100
-11 (base 2) to base 15
-3
Convert 134 (base 10) to base 3.
11222
Convert 2120 (base 3) to base 16.
45
Convert 0 (base 8) to base 12.
0
Convert 11 (base 4) to base 14.
5
-7 (base 14) to base 8
-7
Convert -22 (base 4) to base 2.
-1010
Convert 212 (base 4) to base 5.
123
1 (base 5) to base 2
1
Convert 25 (base 9) to base 5.
43
Convert 0 (base 5) to base 11.
0
Convert 1a (base 13) to base 5.
43
What is -2 (base 13) in base 11?
-2
What is -104 (base 5) in base 4?
-131
2 (base 5) to base 9
2
What is -87 (base 12) in base 7?
-205
-9a (base 11) to base 6
-301
-17 (base 10) to base 16
-11
What is 36 (base 13) in base 2?
101101
-11 (base 3) to base 4
-10
What is 3 (base 16) in base 2?
11
Convert 4 (base 15) to base 12.
4
What is -2c (base 13) in base 11?
-35
50 (base 12) to base 4
330
Convert 102 (base 5) to base 15.
1c
Convert -12 (base 10) to base 13.
-c
What is -100 (base 3) in base 7?
-12
10 (base 5) to base 10
5
What is 325 (base 6) in base 11?
104
37 (base 8) to base 16
1f
What is -39 (base 14) in base 12?
-43
What is -a (base 13) in base 5?
-20
-44 (base 11) to base 5
-143
What is -4 (base 8) in base 14?
-4
Convert -2 (base 9) to base 11.
-2
Convert 22020 (base 3) to base 14.
11c
Convert -10 (base 4) to base 16.
-4
What is 12 (base 12) in base 15?
e
Convert -10 (base 8) to base 9.
-8
Convert 1 (base 8) to base 2.
1
Convert 145 (base 8) to base 12.
85
Convert -8 (base 10) to base 2.
-1000
-141 (base 6) to base 5
-221
What is -9 (base 15) in base 11?
-9
What is 100001 (base 2) in base 3?
1020
What is 0 (base 14) in base 4?
0
Convert 5 (base 11) to base 10.
5
10 (base 2) to base 6
2
24 (base 10) to base 2
11000
-1c (base 16) to base 3
-1001
-5 (base 16) to base 6
-5
112 (base 5) to base 9
35
What is -3 (base 16) in base 14?
-3
What is 0 (base 12) in base 14?
0
Convert -5d (base 15) to base 10.
-88
2120 (base 3) to base 4
1011
What is -1223 (base 5) in base 2?
-10111100
21 (base 5) to base 15
b
What is 2 (base 16) in base 9?
2
Convert 5 (base 7) to base 15.
5
What is -23 (base 13) in base 10?
-29
163 (base 7) to base 12
7a
What is 4 (base 8) in base 12?
4
What is -1 (base 11) in base 5?
-1
What is 2 (base 9) in base 13?
2
122 (base 4) to base 6
42
What is -21 (base 12) in base 4?
-121
What is -12 (base 10) in base 12?
-10
What is -1 (base 7) in base 8?
-1
-8 (base 14) to base 2
-1000
-122 (base 3) to base 7
-23
11 (base 5) to base 11
6
Convert -13 (base 9) to base 12.
-10
What is -12 (base 6) in base 5?
-13
What is 6 (base 15) in base 4?
12
What is -10 (base 4) in base 3?
-11
What is -2 (base 11) in base 15?
-2
32 (base 13) to base 2
101001
2 (base 10) to base 6
2
35 (base 12) to base 11
38
Convert -124 (base 7) to base 16.
-43
What is -10011 (base 2) in base 4?
-103
-d (base 15) to base 2
-1101
What is 25 (base 14) in base 13?
27
-3 (base 12) to base 3
-10
19 (base 12) to base 15
16
6 (base 7) to base 9
6
What is 96 (base 13) in base 5?
443
What is 1521 (base 6) in base 5?
3114
-83 (base 10) to base 9
-102
What is 4 (base 14) in base 11?
4
-1101 (base 2) to base 7
-16
151 (base 16) to base 8
521
2 (base 11) to base 14
2
What is -44 (base 8) in base 7?
-51
Convert 78 (base 9) to base 10.
71
Convert -10 (base